en 39703 is divided by 2202?
67
Calculate the remainder when 21657 is divided by 503.
28
Calculate the remainder when 2344 is divided by 1699.
645
What is the remainder when 367374 is divided by 152?
142
What is the remainder when 165022 is divided by 89?
16
What is the remainder when 816 is divided by 496?
320
What is the remainder when 4388 is divided by 723?
50
Calculate the remainder when 64807 is divided by 10800.
7
Calculate the remainder when 3087 is divided by 809.
660
Calculate the remainder when 523753 is divided by 1545.
1543
Calculate the remainder when 6141 is divided by 388.
321
What is the remainder when 19456 is divided by 294?
52
What is the remainder when 555 is divided by 61?
6
Calculate the remainder when 63465 is divided by 31472.
521
Calculate the remainder when 1075517 is divided by 573.
569
What is the remainder when 10000 is divided by 4843?
314
What is the remainder when 219510 is divided by 184?
182
What is the remainder when 2827936 is divided by 25?
11
Calculate the remainder when 172687 is divided by 15.
7
Calculate the remainder when 1039173 is divided by 259793.
1
What is the remainder when 218021 is divided by 27?
23
What is the remainder when 9625 is divided by 1916?
45
What is the remainder when 797598 is divided by 1922?
1890
What is the remainder when 256 is divided by 40?
16
Calculate the remainder when 22835 is divided by 125.
85
What is the remainder when 326388 is divided by 33?
18
What is the remainder when 56330 is divided by 137?
23
What is the remainder when 2202 is divided by 245?
242
What is the remainder when 83519 is divided by 36?
35
Calculate the remainder when 32043 is divided by 264.
99
Calculate the remainder when 43524 is divided by 108.
0
Calculate the remainder when 1721 is divided by 246.
245
Calculate the remainder when 708 is divided by 159.
72
Calculate the remainder when 3887 is divided by 403.
260
What is the remainder when 18863 is divided by 393?
392
What is the remainder when 19687 is divided by 2542?
1893
What is the remainder when 53417 is divided by 10?
7
What is the remainder when 527 is divided by 105?
2
What is the remainder when 13414 is divided by 125?
39
What is the remainder when 1244531 is divided by 6?
5
Calculate the remainder when 10802 is divided by 146.
144
What is the remainder when 107152 is divided by 372?
16
What is the remainder when 28880 is divided by 40?
0
What is the remainder when 2352 is divided by 584?
16
What is the remainder when 89413 is divided by 3436?
77
What is the remainder when 7051 is divided by 1005?
16
Calculate the remainder when 5058 is divided by 46.
44
Calculate the remainder when 4326 is divided by 1377.
195
Calculate the remainder when 750 is divided by 262.
226
What is the remainder when 70032 is divided by 9999?
39
Calculate the remainder when 52761 is divided by 429.
423
What is the remainder when 6196 is divided by 63?
22
What is the remainder when 17478 is divided by 152?
150
What is the remainder when 141179 is divided by 73?
70
Calculate the remainder when 29051 is divided by 15.
11
What is the remainder when 5005 is divided by 941?
300
What is the remainder when 10404 is divided by 800?
4
What is the remainder when 16441 is divided by 261?
259
Calculate the remainder when 5224 is divided by 288.
40
What is the remainder when 938233 is divided by 28?
9
What is the remainder when 40931 is divided by 2154?
5
What is the remainder when 410 is divided by 176?
58
Calculate the remainder when 290648 is divided by 123.
122
Calculate the remainder when 37697 is divided by 61.
60
What is the remainder when 17711 is divided by 100?
11
Calculate the remainder when 49561 is divided by 1652.
1
What is the remainder when 9628 is divided by 471?
208
Calculate the remainder when 12578 is divided by 407.
368
What is the remainder when 24614 is divided by 3027?
398
What is the remainder when 10635 is divided by 1772?
3
Calculate the remainder when 6127 is divided by 289.
58
What is the remainder when 6084719 is divided by 20?
19
What is the remainder when 31605 is divided by 319?
24
Calculate the remainder when 38741 is divided by 560.
101
Calculate the remainder when 89797 is divided by 346.
183
What is the remainder when 2722354 is divided by 78?
76
Calculate the remainder when 539 is divided by 138.
125
Calculate the remainder when 219309 is divided by 5.
4
What is the remainder when 12803 is divided by 3197?
15
What is the remainder when 4306 is divided by 83?
73
What is the remainder when 106379 is divided by 60?
59
What is the remainder when 45300 is divided by 419?
48
What is the remainder when 4808 is divided by 967?
940
What is the remainder when 23096 is divided by 4598?
106
Calculate the remainder when 4434 is divided by 37.
31
Calculate the remainder when 1168727 is divided by 115.
97
What is the remainder when 11484 is divided by 3822?
18
What is the remainder when 14536 is divided by 42?
4
Calculate the remainder when 155697 is divided by 100.
97
Calculate the remainder when 35246 is divided by 7045.
21
Calculate the remainder when 7090 is divided by 1180.
10
Calculate the remainder when 68039 is divided by 45.
44
Calculate the remainder when 711898 is divided by 14.
12
What is the remainder when 22995 is divided by 242?
5
What is the remainder when 20587 is divided by 555?
52
What is the remainder when 85636 is divided by 244?
236
Calculate the remainder when 47354 is divided by 451.
450
Calculate the remainder when 9167 is divided by 1772.
307
What is the remainder when 32501 is divided by 29?
21
What is the remainder when 10799 is divided by 5282?
235
What is the remainder when 50005 is divided by 667?
647
What is the remainder when 38 is divided by 12?
2
What is the remainder when 36261 is divided by 502?
117
What is the remainder when 139374 is divided by 46456?
6
Calculate the remainder when 49581 is divided by 94.
43
What is the remainder when 132388 is divided by 30?
28
What is the remainder when 4238 is divided by 265?
263
Calculate the remainder when 18242 is divided by 28.
14
Calculate the remainder when 29810 is divided by 5962.
0
Calculate the remainder when 277685 is divided by 20.
5
Calculate the remainder when 45216 is divided by 190.
186
What is the remainder when 3331 is divided by 3274?
57
Calculate the remainder when 711611 is divided by 7.
5
What is the remainder when 26675 is divided by 3334?
3
Calculate the remainder when 31242 is divided by 2593.
126
What is the remainder when 1362 is divided by 618?
126
What is the remainder when 38539 is divided by 38536?
3
What is the remainder when 23343 is divided by 14?
5
What is the remainder when 22673 is divided by 21?
14
Calculate the remainder when 23468 is divided by 273.
263
What is the remainder when 4770 is divided by 399?
381
What is the remainder when 1536 is divided by 1524?
12
What is the remainder when 215304 is divided by 16?
8
What is the remainder when 2922 is divided by 68?
66
Calculate the remainder when 2222 is divided by 757.
708
What is the remainder when 21802 is divided by 905?
82
Calculate the remainder when 95567 is divided by 46.
25
Calculate the remainder when 28901 is divided by 85.
1
Calculate the remainder when 7223 is divided by 454.
413
What is the remainder when 12850 is divided by 3210?
10
Calculate the remainder when 11318 is divided by 3535.
713
What is the remainder when 50947 is divided by 1061?
19
What is the remainder when 30829 is divided by 240?
109
Calculate the remainder when 2407 is divided by 90.
67
What is the remainder when 21278 is divided by 10634?
10
Calculate the remainder when 221 is divided by 48.
29
Calculate the remainder when 54 is divided by 28.
26
What is the remainder when 131909 is divided by 16?
5
What is the remainder when 47693 is divided by 64?
13
What is the remainder when 142809 is divided by 18?
15
Calculate the remainder when 12820 is divided by 30.
10
Calculate the remainder when 4768 is divided by 1200.
1168
Calculate the remainder when 10281 is divided by 1710.
21
What is the remainder when 28848 is divided by 7?
1
What is the remainder when 435258 is divided by 21?
12
What is the remainder when 82150 is divided by 489?
487
What is the remainder when 3757 is divided by 371?
47
Calculate the 